
{"id":2480,"date":"2021-08-18T22:58:48","date_gmt":"2021-08-18T20:58:48","guid":{"rendered":"http:\/\/gminadynow.pl\/?page_id=2480"},"modified":"2025-01-01T23:53:13","modified_gmt":"2025-01-01T22:53:13","slug":"rejestr-instytucji-kultury","status":"publish","type":"page","link":"https:\/\/gminadynow.pl\/index.php\/rejestr-instytucji-kultury\/","title":{"rendered":"Rejestr instytucji kultury"},"content":{"rendered":"\n<p class=\"has-text-align-center\" style=\"font-size:30px\">Rejestr instytucji kultury<\/p>\n\n\n\n<p><strong>Rejestr instytucji kultury<\/strong>&nbsp;<strong>dla kt\u00f3rych organizatorem jest Gmina Dyn\u00f3w<\/strong><\/p>\n\n\n\n<p>Rejestr prowadzony jest na podstawie art. 14 ust. 1 ustawy z&nbsp;dnia 25 pa\u017adziernika 1991 r. o&nbsp;organizowaniu i&nbsp;prowadzeniu dzia\u0142alno\u015bci kulturalnej (Dz. U. 2020 r. poz. 406), zgodnie z&nbsp;rozporz\u0105dzeniem Ministra Kultury i&nbsp;Dziedzictwa Narodowego z&nbsp;dnia 26 stycznia 2012 r. w&nbsp;sprawie sposobu prowadzenia i&nbsp;udost\u0119pniania rejestru instytucji kultury (Dz. U. 2012 r. poz. 189).<\/p>\n\n\n\n<ul class=\"wp-block-list\"><li>Rejestr instytucji kultury\u00a0\u00a0http:\/\/bip.gminadynow.pl\/pliki\/2021_rejestr_inst_kultury.pdf<\/li><\/ul>\n\n\n\n<p>Rejestr instytucji kultury, dla kt\u00f3rych organizatorem jest Gmina Dyn\u00f3w jest prowadzony na podstawie art. 14 ust. 1 ustawy z&nbsp;dnia 25 pa\u017adziernika 1991 r. o&nbsp;organizowaniu i&nbsp;prowadzeniu dzia\u0142alno\u015bci kulturalnej (Dz. U. z&nbsp;2012 r. poz. 406) zgodnie z&nbsp;rozporz\u0105dzeniem Ministra Kultury i&nbsp;Dziedzictwa Narodowego z&nbsp;dnia 26 stycznia 2012 r. w&nbsp;sprawie sposobu prowadzenia i&nbsp;udost\u0119pniania rejestru instytucji kultury (Dz. U. z&nbsp;2012 r. poz. 189), kt\u00f3re wesz\u0142o w&nbsp;\u017cycie 21 maja 2012 r.<\/p>\n\n\n\n<p>Spos\u00f3b udost\u0119pniania danych zawartych w&nbsp;rejestrze instytucji kultury, dla kt\u00f3rych organizatorem jest Gmina Dyn\u00f3w:<\/p>\n\n\n\n<ol class=\"wp-block-list\" type=\"1\"><li>Rejestr instytucji kultury prowadzi: Pan Stanis\u0142aw Baran: ul. Ks. J. O\u017coga 2, 36-065 Dyn\u00f3w&nbsp;&nbsp;Tel: 17 23 00 124, e-mail:&nbsp;<a href=\"mailto:baran@dynow.regiony.pl\">baran@dynow.regiony.pl<\/a><\/li><li>Zgodnie z&nbsp;\u00a710 ust. 1 rozporz\u0105dzenia Ministra Kultury i&nbsp;Dziedzictwa Narodowego z&nbsp;dnia 26 stycznia 2012 r. w&nbsp;sprawie sposobu prowadzenia i&nbsp;udost\u0119pnienia rejestru instytucji kultury rejestr, informacj\u0119 o&nbsp;rejestrze oraz sposobie udost\u0119pniania danych w&nbsp;nim zawartych zamieszcza si\u0119 w&nbsp;Biuletynie Informacji Publicznej na stronie organizatora, tj. w&nbsp;Biuletynie Informacji Publicznej Urz\u0119du Gminy Dyn\u00f3w:&nbsp;<\/li><li>Dane zawarte w&nbsp;rejestrze udost\u0119pnia si\u0119 przez:<\/li><\/ol>\n\n\n\n<ul class=\"wp-block-list\"><li>otwarty dost\u0119p do zawarto\u015bci rejestru,<\/li><li>wydanie odpisu z&nbsp;rejestru albo ksi\u0119gi rejestrowej.<\/li><\/ul>\n\n\n\n<ol class=\"wp-block-list\" type=\"1\" start=\"4\"><li>Udost\u0119pnianie danych zawartych w&nbsp;rejestrze w&nbsp;formie, o&nbsp;kt\u00f3rej mowa w&nbsp;ust. 2 pkt 1 rozporz\u0105dzenia, jest bezp\u0142atne i&nbsp;odbywa si\u0119 przez stron\u0119 Biuletynu Informacji Publicznej organizatora.<\/li><li>Ka\u017cdy ma prawo przegl\u0105da\u0107 w&nbsp;godzinach urz\u0119dowych akta rejestrowe oraz ksi\u0119gi rejestrowe instytucji kultury w&nbsp;siedzibie organizatora, tj. Urz\u0119du Gminy Dyn\u00f3w.<\/li><li>Organizator prowadz\u0105cy rejestr instytucji kultury wydaje urz\u0119dowo po\u015bwiadczony odpis ka\u017cdemu, kto zwr\u00f3ci si\u0119 z&nbsp;wnioskiem o&nbsp;jego wydanie.<\/li><\/ol>\n\n\n\n<p>Wydanie urz\u0119dowo po\u015bwiadczonego odpisu z&nbsp;rejestru albo ksi\u0119gi rejestrowej nast\u0119puje na wniosek i&nbsp;zgodnie z&nbsp;art. 4 ustawy o&nbsp;op\u0142acie skarbowej (Dz. U. 2020 r. poz. 1546) na podstawie za\u0142\u0105cznika do ustawy, od ka\u017cdej pe\u0142nej lub zacz\u0119tej stronicy podlega op\u0142acie skarbowej w&nbsp;wysoko\u015bci 5 z\u0142.<\/p>\n\n\n\n<p>Wp\u0142aty z&nbsp;tytu\u0142u op\u0142aty skarbowej za wydanie po\u015bwiadczonego odpisu z&nbsp;rejestru albo ksi\u0119gi rejestrowe Gminy Dyn\u00f3w nale\u017cy dokonywa\u0107 na konto: Urz\u0119du Gminy Dyn\u00f3w w&nbsp;Banku Sp\u00f3\u0142dzielczym w Dynowie&nbsp;&nbsp;nr:&nbsp;<strong>21 9093 0007 2001 0000 2365 0030&nbsp;&nbsp;(Tytu\u0142em: Op\u0142ata skarbowa za odpis)<\/strong><\/p>\n\n\n\n<p>Do wniosku o&nbsp;wydanie po\u015bwiadczonego odpisu z&nbsp;rejestru lub ksi\u0119gi rejestrowej nale\u017cy do\u0142\u0105czy\u0107 dow\u00f3d wp\u0142aty z&nbsp;tytu\u0142u op\u0142aty skarbowej.<\/p>\n\n\n\n<div class=\"wp-block-group do-pobrania\"><div class=\"wp-block-group__inner-container is-layout-flow wp-block-group-is-layout-flow\">\n<div class=\"wp-block-file\"><a href=\"https:\/\/gminadynow.pl\/wp-content\/uploads\/2021\/08\/Wniosek-o-wydanie-odpisu-z-rejestru-instytucji-kultury_1.pdf\">Wniosek o wydanie odpisu z rejestru instytucji kultury_1.pdf<\/a><a href=\"https:\/\/gminadynow.pl\/wp-content\/uploads\/2021\/08\/Wniosek-o-wydanie-odpisu-z-rejestru-instytucji-kultury_1.pdf\" class=\"wp-block-file__button\" download>Pobierz<\/a><\/div>\n\n\n\n<div class=\"wp-block-file\"><a href=\"https:\/\/gminadynow.pl\/wp-content\/uploads\/2021\/08\/Wniosek-o-wydanie-odpisu-z-rejestru-instytucji-kultury_1.docx\">Wniosek o wydanie odpisu z rejestru instytucji kultury_1.docx<\/a><a href=\"https:\/\/gminadynow.pl\/wp-content\/uploads\/2021\/08\/Wniosek-o-wydanie-odpisu-z-rejestru-instytucji-kultury_1.docx\" class=\"wp-block-file__button\" download>Pobierz<\/a><\/div>\n<\/div><\/div>\n\n\n\n<p><\/p>\n","protected":false},"excerpt":{"rendered":"<p>Rejestr instytucji kultury Rejestr instytucji kultury&nbsp;dla kt\u00f3rych organizatorem jest Gmina Dyn\u00f3w Rejestr prowadzony jest na podstawie art. 14 ust. 1 ustawy z&nbsp;dnia 25 pa\u017adziernika 1991 r. o&nbsp;organizowaniu i&nbsp;prowadzeniu dzia\u0142alno\u015bci kulturalnej (Dz. U. 2020 r. poz. 406), zgodnie z&nbsp;rozporz\u0105dzeniem Ministra Kultury i&nbsp;Dziedzictwa Narodowego z&nbsp;dnia 26 stycznia 2012 r. w&nbsp;sprawie sposobu prowadzenia i&nbsp;udost\u0119pniania rejestru instytucji kultury (Dz. [&hellip;]<\/p>\n","protected":false},"author":1,"featured_media":0,"parent":0,"menu_order":0,"comment_status":"closed","ping_status":"closed","template":"","meta":{"footnotes":""},"class_list":["post-2480","page","type-page","status-publish","hentry"],"featured_image_urls_v2":{"full":"","thumbnail":"","medium":"","medium_large":"","large":"","1536x1536":"","2048x2048":""},"post_excerpt_stackable_v2":"<p>Rejestr instytucji kultury Rejestr instytucji kultury&nbsp;dla kt\u00f3rych organizatorem jest Gmina Dyn\u00f3w Rejestr prowadzony jest na podstawie art. 14 ust. 1 ustawy z&nbsp;dnia 25 pa\u017adziernika 1991 r. o&nbsp;organizowaniu i&nbsp;prowadzeniu dzia\u0142alno\u015bci kulturalnej (Dz. U. 2020 r. poz. 406), zgodnie z&nbsp;rozporz\u0105dzeniem Ministra Kultury i&nbsp;Dziedzictwa Narodowego z&nbsp;dnia 26 stycznia 2012 r. w&nbsp;sprawie sposobu prowadzenia i&nbsp;udost\u0119pniania rejestru instytucji kultury (Dz. U. 2012 r. poz. 189). Rejestr instytucji kultury\u00a0\u00a0http:\/\/bip.gminadynow.pl\/pliki\/2021_rejestr_inst_kultury.pdf Rejestr instytucji kultury, dla kt\u00f3rych organizatorem jest Gmina Dyn\u00f3w jest prowadzony na podstawie art. 14 ust. 1 ustawy z&nbsp;dnia 25 pa\u017adziernika 1991 r. o&nbsp;organizowaniu i&nbsp;prowadzeniu dzia\u0142alno\u015bci kulturalnej (Dz. U. z&nbsp;2012 r. poz. 406) zgodnie z&nbsp;rozporz\u0105dzeniem Ministra Kultury&hellip;<\/p>\n","category_list_v2":"","author_info_v2":{"name":"admin","url":"https:\/\/gminadynow.pl\/index.php\/author\/admin\/"},"comments_num_v2":"0 comments","rttpg_featured_image_url":null,"rttpg_author":{"display_name":"admin","author_link":"https:\/\/gminadynow.pl\/index.php\/author\/admin\/"},"rttpg_comment":0,"rttpg_category":null,"rttpg_excerpt":"Rejestr instytucji kultury Rejestr instytucji kultury&nbsp;dla kt\u00f3rych organizatorem jest Gmina Dyn\u00f3w Rejestr prowadzony jest na podstawie art. 14 ust. 1 ustawy z&nbsp;dnia 25 pa\u017adziernika 1991 r. o&nbsp;organizowaniu i&nbsp;prowadzeniu dzia\u0142alno\u015bci kulturalnej (Dz. U. 2020 r. poz. 406), zgodnie z&nbsp;rozporz\u0105dzeniem Ministra Kultury i&nbsp;Dziedzictwa Narodowego z&nbsp;dnia 26 stycznia 2012 r. w&nbsp;sprawie sposobu prowadzenia i&nbsp;udost\u0119pniania rejestru instytucji kultury (Dz.&hellip;","_links":{"self":[{"href":"https:\/\/gminadynow.pl\/index.php\/wp-json\/wp\/v2\/pages\/2480","targetHints":{"allow":["GET"]}}],"collection":[{"href":"https:\/\/gminadynow.pl\/index.php\/wp-json\/wp\/v2\/pages"}],"about":[{"href":"https:\/\/gminadynow.pl\/index.php\/wp-json\/wp\/v2\/types\/page"}],"author":[{"embeddable":true,"href":"https:\/\/gminadynow.pl\/index.php\/wp-json\/wp\/v2\/users\/1"}],"replies":[{"embeddable":true,"href":"https:\/\/gminadynow.pl\/index.php\/wp-json\/wp\/v2\/comments?post=2480"}],"version-history":[{"count":2,"href":"https:\/\/gminadynow.pl\/index.php\/wp-json\/wp\/v2\/pages\/2480\/revisions"}],"predecessor-version":[{"id":6690,"href":"https:\/\/gminadynow.pl\/index.php\/wp-json\/wp\/v2\/pages\/2480\/revisions\/6690"}],"wp:attachment":[{"href":"https:\/\/gminadynow.pl\/index.php\/wp-json\/wp\/v2\/media?parent=2480"}],"curies":[{"name":"wp","href":"https:\/\/api.w.org\/{rel}","templated":true}]}}