
{"id":235,"date":"2020-10-20T14:57:22","date_gmt":"2020-10-20T12:57:22","guid":{"rendered":"http:\/\/gminadynow.pl\/?page_id=235"},"modified":"2026-02-24T11:46:54","modified_gmt":"2026-02-24T10:46:54","slug":"rada-solecka-2","status":"publish","type":"page","link":"https:\/\/gminadynow.pl\/index.php\/rada-solecka-2\/","title":{"rendered":"Rada So\u0142ecka"},"content":{"rendered":"\n<p class=\"has-text-align-center\" style=\"font-size:30px\"><strong>Rada So\u0142ecka<\/strong><\/p>\n\n\n\n<p>Zgodnie z ustaw\u0105 o samorz\u0105dzie gminnym organami so\u0142ectwa s\u0105:<strong>&nbsp;so\u0142tys<\/strong>&nbsp;jako organ wykonawczy oraz&nbsp;<strong>zebranie wiejskie<\/strong>&nbsp;jako organ uchwa\u0142odawczy.<\/p>\n\n\n\n<p>&nbsp;<strong>Rada so\u0142ecka<\/strong>&nbsp;jest organem pomocniczym so\u0142tysa. Rada so\u0142ecka ma za zadanie wspiera\u0107 dzia\u0142alno\u015b\u0107 so\u0142tysa. Zadanie rady so\u0142eckiej ogranicza si\u0119 do udzielania pomocy so\u0142tysowi, mi\u0119dzy innymi w postaci wydawania niewi\u0105\u017c\u0105cych opinii. So\u0142tys&nbsp; mo\u017ce, ale nie musi si\u0119 z tymi opiniami zgodzi\u0107 i mo\u017ce podj\u0105\u0107 samodzielnie decyzje co do danej sprawy.<\/p>\n\n\n\n<p>Je\u015bli chodzi o kompetencje rady so\u0142eckiej, a zw\u0142aszcza przewodnicz\u0105cego tej rady, to powinny to regulowa\u0107 statuty poszczeg\u00f3lnych so\u0142ectw. Przyk\u0142adowo statut mo\u017ce zawiera\u0107 zapisy dotycz\u0105ce zwo\u0142ywania i prowadzenia zebrania przez przewodnicz\u0105cego rady so\u0142eckiej.&nbsp;Rola&nbsp;<strong>rady so\u0142eckiej<\/strong>&nbsp;sprowadza si\u0119 do wspomagania dzia\u0142a\u0144 so\u0142tysa, s\u0142u\u017cenia mu rad\u0105 i pomoc\u0105 przy podejmowanych przez niego dzia\u0142aniach.&nbsp;<\/p>\n\n\n\n<p>Do kompetencji cz\u0142onk\u00f3w rady so\u0142eckiej nale\u017cy:&nbsp;<\/p>\n\n\n\n<ul class=\"wp-block-list\"><li>zbieranie i rozpatrywanie wniosk\u00f3w mieszka\u0144c\u00f3w w sprawach so\u0142ectwa,<\/li><li>pomoc so\u0142tysowi w prowadzeniu i za\u0142atwianiu spraw so\u0142ectwa,<\/li><li>wsp\u00f3\u0142dzia\u0142anie z organizacjami spo\u0142ecznymi w celu wsp\u00f3lnej realizacji zada\u0144,<\/li><li>opracowanie i przedk\u0142adanie zebraniu wiejskiemu projekt\u00f3w program\u00f3w pracy samorz\u0105du,<\/li><li>opracowanie i przedk\u0142adanie zebraniu wiejskiemu projekt\u00f3w uchwa\u0142 w sprawach rozpatrywanych przez zebranie wiejskie,<\/li><li>organizowanie uchwa\u0142 zebrania wiejskiego i kontrolowanie ich realizacji,<\/li><li>inicjowanie i prowadzenie na terenie so\u0142ectwa prac mo\u017cliwych do wykonania ma\u0142ymi \u015brodkami finansowymi i przy wsp\u00f3\u0142udziale mieszka\u0144c\u00f3w so\u0142ectwa.<\/li><\/ul>\n\n\n\n<div style=\"height:60px\" aria-hidden=\"true\" class=\"wp-block-spacer\"><\/div>\n\n\n\n<h4 class=\"has-text-align-center wp-block-heading\"><strong>Rada So\u0142ecka Kadencja 2019 &#8211; 2024<\/strong><\/h4>\n\n\n\n<div style=\"height:40px\" aria-hidden=\"true\" class=\"wp-block-spacer\"><\/div>\n\n\n\n<p> <\/p>\n\n\n\n<figure class=\"wp-block-table is-style-stripes\"><table><thead><tr><th class=\"has-text-align-center\" data-align=\"center\">So\u0142ectwo<\/th><th class=\"has-text-align-center\" data-align=\"center\">Imi\u0119 i Nazwisko So\u0142tysa<\/th><th>Sk\u0142ad Rady so\u0142eckiej &nbsp;2019-2024<\/th><\/tr><\/thead><tbody><tr><td class=\"has-text-align-center\" data-align=\"center\"><\/td><td class=\"has-text-align-center\" data-align=\"center\"><br><\/td><td><\/td><\/tr><tr><td class=\"has-text-align-center\" data-align=\"center\">So\u0142ectwo <br>Bach\u00f3rz<\/td><td class=\"has-text-align-center\" data-align=\"center\"><strong>Stanis\u0142aw <br>Hadam<\/strong><\/td><td>1. \u0141ucja  Bachurska\u2013&nbsp;Przewodnicz\u0105cy<br>2. Marcin Chrobak<br>3. Marek Goleniowski<br>4.  Patrycja Kaszycka<br>5. Rafa\u0142 Grzech<br>6. Marcin Pa\u015bciak<br>7. Anna \u015alimak<\/td><\/tr><tr><td class=\"has-text-align-center\" data-align=\"center\">So\u0142ectwo <br>D\u0105br\u00f3wka Starze\u0144ska<\/td><td class=\"has-text-align-center\" data-align=\"center\"><strong>Bernadeta Kara\u015b<\/strong><\/td><td>1. Anna Misiewicz \u2013 Przewodnicz\u0105cy<br>2.  Mieczys\u0142aw Blama<br>3. Janusz Ku\u017cniarski<br>4. \u0141ach Jan<br>5. Wojciech Misiewicz<br>6. Stanis\u0142aw Polewka<br>7. Czes\u0142aw Skubisz<\/td><\/tr><tr><td class=\"has-text-align-center\" data-align=\"center\">So\u0142ectwo Dyl\u0105gowa<\/td><td class=\"has-text-align-center\" data-align=\"center\"><strong>Dariusz Rado\u0144<\/strong><\/td><td>1. \u0141ukasz \u0141ach \u2013          Przewodnicz\u0105cy<br>2. S\u0142awomir Kara\u015b &#8211; Z-ca<br>3. Leszek Cymbalista<br>4. Kucz Grzegorz<br>5. Wies\u0142aw Cichy<br>6. Pustelnik Jerzy<br>7. Ma\u0142gorzata Pancerz<br><\/td><\/tr><tr><td class=\"has-text-align-center\" data-align=\"center\">So\u0142ectwo <br>Harta<\/td><td class=\"has-text-align-center\" data-align=\"center\"><strong>Piotr Ko\u015bmider<\/strong><\/td><td>1. Katarzyna Kaszycka \u2013 Przewodnicz\u0105cy<br>2. Bogdan Stetko- Z-ca <br>3. Stanis\u0142awa B\u0142o\u0144ska<br>4. Leszek Ko\u015bmider<br>5. Janusz Banat<br>6. Jan Wilk<br>7. Bogdan Potoczny<\/td><\/tr><tr><td class=\"has-text-align-center\" data-align=\"center\">So\u0142ectwo<br>Lask\u00f3wka<\/td><td class=\"has-text-align-center\" data-align=\"center\"><strong>Pawe\u0142 \u017bak<\/strong><\/td><td>1. \u0141ukasz Gudyka \u2013 Przewodnicz\u0105cy<br>2. Krzysztof Bury<br>3. Magdalena Masternak<br>4. Bernadeta Kryczyk<br>5. J\u00f3zef Jamrozik<\/td><\/tr><tr><td class=\"has-text-align-center\" data-align=\"center\">So\u0142ectwo <br>\u0141ubno<\/td><td class=\"has-text-align-center\" data-align=\"center\"><strong>Iwona Jab\u0142o\u0144ska-Gierul<\/strong>a<\/td><td>1. Justyna Sie\u0144ko\u2013&nbsp;Przewodnicz\u0105cy<br>2. Marek Bu\u0142dak<br>3. Potoczny Robert<br>4.  Jolanta Tarnawska<br>5. Ryszard Socha<br>6. Urszula Trybalska<br>7. Monika Huk<\/td><\/tr><tr><td class=\"has-text-align-center\" data-align=\"center\">So\u0142ectwo Paw\u0142okoma<\/td><td class=\"has-text-align-center\" data-align=\"center\"><strong>Wies\u0142aw Siry<\/strong><br><\/td><td>1. Pawe\u0142 Siry- Przewodnicz\u0105cy<br>2.  Tadeusz Pudysz  &#8211; Z-ca<br>3. Wojciech Ku\u015b<br>4. Mariusz Wrotniak <br>5. Ryszard S\u0142aby<br>6. W\u0142adys\u0142aw Szpak<br>7. Mariusz Kara\u015b<\/td><\/tr><tr><td class=\"has-text-align-center\" data-align=\"center\">So\u0142ectwo <br>Ulanica<\/td><td class=\"has-text-align-center\" data-align=\"center\"><strong>Agnieszka Karnas<\/strong><\/td><td>1. Krzysztof Bednarczyk \u2013 Przewodnicz\u0105cy<br>2. Wojciech Dutka<br>3. Agnieszka Szul<br>4. Lucyna Tworzyd\u0142o<br>5. Zofia Winiarz<\/td><\/tr><tr><td class=\"has-text-align-center\" data-align=\"center\">So\u0142ectwo <br>Wyr\u0119by<\/td><td class=\"has-text-align-center\" data-align=\"center\"><strong>Agnieszka Wr\u00f3bel<\/strong><\/td><td>1. Adam Kowal -Przewodnicz\u0105cy<br>2. Anna Giba\u0142a<br>3. And\u017celika Miko\u0142ajczyk<br>4. Stanis\u0142aw Graczyk<br>5. Antoni Kustra <br>6. Stanis\u0142aw \u015awist<br>7. Piotr Wo\u017cniak<br><\/td><\/tr><\/tbody><\/table><figcaption>Zofia Kalawska- Sekretarz Gminy<\/figcaption><\/figure>\n","protected":false},"excerpt":{"rendered":"<p>Rada So\u0142ecka Zgodnie z ustaw\u0105 o samorz\u0105dzie gminnym organami so\u0142ectwa s\u0105:&nbsp;so\u0142tys&nbsp;jako organ wykonawczy oraz&nbsp;zebranie wiejskie&nbsp;jako organ uchwa\u0142odawczy. &nbsp;Rada so\u0142ecka&nbsp;jest organem pomocniczym so\u0142tysa. Rada so\u0142ecka ma za zadanie wspiera\u0107 dzia\u0142alno\u015b\u0107 so\u0142tysa. Zadanie rady so\u0142eckiej ogranicza si\u0119 do udzielania pomocy so\u0142tysowi, mi\u0119dzy innymi w postaci wydawania niewi\u0105\u017c\u0105cych opinii. So\u0142tys&nbsp; mo\u017ce, ale nie musi si\u0119 z tymi opiniami [&hellip;]<\/p>\n","protected":false},"author":2,"featured_media":0,"parent":0,"menu_order":0,"comment_status":"closed","ping_status":"closed","template":"","meta":{"footnotes":""},"class_list":["post-235","page","type-page","status-publish","hentry"],"featured_image_urls_v2":{"full":"","thumbnail":"","medium":"","medium_large":"","large":"","1536x1536":"","2048x2048":""},"post_excerpt_stackable_v2":"<p>Rada So\u0142ecka Zgodnie z ustaw\u0105 o samorz\u0105dzie gminnym organami so\u0142ectwa s\u0105:&nbsp;so\u0142tys&nbsp;jako organ wykonawczy oraz&nbsp;zebranie wiejskie&nbsp;jako organ uchwa\u0142odawczy. &nbsp;Rada so\u0142ecka&nbsp;jest organem pomocniczym so\u0142tysa. Rada so\u0142ecka ma za zadanie wspiera\u0107 dzia\u0142alno\u015b\u0107 so\u0142tysa. Zadanie rady so\u0142eckiej ogranicza si\u0119 do udzielania pomocy so\u0142tysowi, mi\u0119dzy innymi w postaci wydawania niewi\u0105\u017c\u0105cych opinii. So\u0142tys&nbsp; mo\u017ce, ale nie musi si\u0119 z tymi opiniami zgodzi\u0107 i mo\u017ce podj\u0105\u0107 samodzielnie decyzje co do danej sprawy. Je\u015bli chodzi o kompetencje rady so\u0142eckiej, a zw\u0142aszcza przewodnicz\u0105cego tej rady, to powinny to regulowa\u0107 statuty poszczeg\u00f3lnych so\u0142ectw. Przyk\u0142adowo statut mo\u017ce zawiera\u0107 zapisy dotycz\u0105ce zwo\u0142ywania i prowadzenia zebrania przez przewodnicz\u0105cego rady so\u0142eckiej.&nbsp;Rola&nbsp;rady so\u0142eckiej&nbsp;sprowadza si\u0119 do&hellip;<\/p>\n","category_list_v2":"","author_info_v2":{"name":"Zofia Kalawska","url":"https:\/\/gminadynow.pl\/index.php\/author\/zofiakalawska\/"},"comments_num_v2":"0 comments","rttpg_featured_image_url":null,"rttpg_author":{"display_name":"Zofia Kalawska","author_link":"https:\/\/gminadynow.pl\/index.php\/author\/zofiakalawska\/"},"rttpg_comment":0,"rttpg_category":null,"rttpg_excerpt":"Rada So\u0142ecka Zgodnie z ustaw\u0105 o samorz\u0105dzie gminnym organami so\u0142ectwa s\u0105:&nbsp;so\u0142tys&nbsp;jako organ wykonawczy oraz&nbsp;zebranie wiejskie&nbsp;jako organ uchwa\u0142odawczy. &nbsp;Rada so\u0142ecka&nbsp;jest organem pomocniczym so\u0142tysa. Rada so\u0142ecka ma za zadanie wspiera\u0107 dzia\u0142alno\u015b\u0107 so\u0142tysa. Zadanie rady so\u0142eckiej ogranicza si\u0119 do udzielania pomocy so\u0142tysowi, mi\u0119dzy innymi w postaci wydawania niewi\u0105\u017c\u0105cych opinii. So\u0142tys&nbsp; mo\u017ce, ale nie musi si\u0119 z tymi opiniami&hellip;","_links":{"self":[{"href":"https:\/\/gminadynow.pl\/index.php\/wp-json\/wp\/v2\/pages\/235","targetHints":{"allow":["GET"]}}],"collection":[{"href":"https:\/\/gminadynow.pl\/index.php\/wp-json\/wp\/v2\/pages"}],"about":[{"href":"https:\/\/gminadynow.pl\/index.php\/wp-json\/wp\/v2\/types\/page"}],"author":[{"embeddable":true,"href":"https:\/\/gminadynow.pl\/index.php\/wp-json\/wp\/v2\/users\/2"}],"replies":[{"embeddable":true,"href":"https:\/\/gminadynow.pl\/index.php\/wp-json\/wp\/v2\/comments?post=235"}],"version-history":[{"count":26,"href":"https:\/\/gminadynow.pl\/index.php\/wp-json\/wp\/v2\/pages\/235\/revisions"}],"predecessor-version":[{"id":6229,"href":"https:\/\/gminadynow.pl\/index.php\/wp-json\/wp\/v2\/pages\/235\/revisions\/6229"}],"wp:attachment":[{"href":"https:\/\/gminadynow.pl\/index.php\/wp-json\/wp\/v2\/media?parent=235"}],"curies":[{"name":"wp","href":"https:\/\/api.w.org\/{rel}","templated":true}]}}