
{"id":2323,"date":"2021-07-20T21:29:24","date_gmt":"2021-07-20T19:29:24","guid":{"rendered":"http:\/\/gminadynow.pl\/?page_id=2323"},"modified":"2026-02-24T11:36:42","modified_gmt":"2026-02-24T10:36:42","slug":"gmina-i-jej-zadania","status":"publish","type":"page","link":"https:\/\/gminadynow.pl\/index.php\/gmina-i-jej-zadania\/","title":{"rendered":"Gmina i jej zadania"},"content":{"rendered":"\n<p class=\"has-text-align-center\" style=\"font-size:30px\"><strong>Gmina i jej zadania<\/strong><\/p>\n\n\n\n<p>Samorz\u0105d terytorialny oznacza prawo i zdolno\u015b\u0107 spo\u0142eczno\u015bci lokalnych do kierowania i zarz\u0105dzania cz\u0119\u015bci\u0105 spraw publicznych na ich w\u0142asn\u0105 odpowiedzialno\u015b\u0107 i w interesie ich mieszka\u0144c\u00f3w w granicach okre\u015blonych prawem.<\/p>\n\n\n\n<p>Podstawow\u0105 jednostk\u0105 samorz\u0105du terytorialnego jest gmina \u2013 czyli wsp\u00f3lnota samorz\u0105dowa (og\u00f3\u0142 mieszka\u0144c\u00f3w gminy) oraz odpowiednie terytorium. Samorz\u0105dno\u015b\u0107 gminy polega na mo\u017cliwo\u015bci wsp\u00f3\u0142decydowania przez jej mieszka\u0144c\u00f3w w sprawach gminy bezpo\u015brednio przez g\u0142osowanie w referendum lub po\u015brednio poprzez wybranych przedstawicieli, czyli radnych.<\/p>\n\n\n\n<p>Do zakresu dzia\u0142ania gminy nale\u017c\u0105 wszystkie sprawy publiczne o znaczeniu lokalnym, niezastrze\u017cone ustawami na rzecz innych podmiot\u00f3w (takich jak: samorz\u0105d powiatowy, wojew\u00f3dzki czy administracja pa\u0144stwowa).<\/p>\n\n\n\n<p>Zadania publiczne wykonywane przez gmin\u0119 mo\u017cna podzieli\u0107 na zadania w\u0142asne oraz zadania zlecone.<\/p>\n\n\n\n<p>Zadaniem w\u0142asnym&nbsp;gminy jest zaspokojenie zbiorowych potrzeb jej mieszka\u0144c\u00f3w, a w szczeg\u00f3lno\u015bci zadania w\u0142asne obejmuj\u0105 sprawy:<\/p>\n\n\n\n<ol class=\"wp-block-list\" type=\"1\"><li>\u0142adu przestrzennego, gospodarki nieruchomo\u015bciami, ochrony \u015brodowiska i przyrody oraz gospodarki wodnej,<\/li><li>gminnych dr\u00f3g, ulic, most\u00f3w, plac\u00f3w oraz organizacji ruchu drogowego,<\/li><li>wodoci\u0105g\u00f3w i zaopatrzenia w wod\u0119, kanalizacji, usuwania i oczyszczania \u015bciek\u00f3w komunalnych, utrzymania czysto\u015bci i porz\u0105dku oraz urz\u0105dze\u0144 sanitarnych, wysypisk i unieszkodliwiania odpad\u00f3w komunalnych, zaopatrzenia w energi\u0119 elektryczn\u0105 i ciepln\u0105 oraz gaz,<\/li><li>lokalnego transportu zbiorowego,<\/li><li>ochrony zdrowia,<\/li><li>pomocy spo\u0142ecznej, w tym o\u015brodk\u00f3w i zak\u0142ad\u00f3w opieku\u0144czych,<\/li><li>gminnego budownictwa mieszkaniowego,<\/li><li>edukacji publicznej,<\/li><li>kultury, w tym bibliotek gminnych i innych plac\u00f3wek upowszechniania kultury,<\/li><li>kultury fizycznej i turystyki, w tym teren\u00f3w rekreacyjnych i urz\u0105dze\u0144 sportowych,<\/li><li>targowisk i hal targowych,<\/li><li>zieleni gminnej i zadrzewie\u0144,<\/li><li>cmentarzy gminnych,<\/li><li>porz\u0105dku publicznego i bezpiecze\u0144stwa obywateli oraz ochrony przeciwpo\u017carowej i przeciwpowodziowej, w tym wyposa\u017cenia i utrzymania gminnego magazynu przeciwpowodziowe,\u00a0<\/li><li>utrzymania gminnych obiekt\u00f3w i urz\u0105dze\u0144 u\u017cyteczno\u015bci publicznej oraz obiekt\u00f3w administracyjnych,<\/li><li>polityki prorodzinnej, w tym zapewnienia kobietom w ci\u0105\u017cy opieki socjalnej, medycznej i prawnej,<\/li><li>wspierania i upowszechniania idei samorz\u0105dowej,<\/li><li>promocji gminy,<\/li><li>wsp\u00f3\u0142pracy z organizacjami pozarz\u0105dowymi,<\/li><li>wsp\u00f3\u0142pracy ze spo\u0142eczno\u015bciami lokalnymi i regionalnymi innych pa\u0144stw.<\/li><\/ol>\n\n\n\n<p>Zadania zlecone\u00a0to te, kt\u00f3re pa\u0144stwo lub inne jednostki samorz\u0105du terytorialnego przekaza\u0142y gminie w drodze ustawy lub na podstawie porozumienia. Na realizacj\u0119 zada\u0144 zleconych gmina otrzymuje \u015brodki finansowe od zlecaj\u0105cego w wysoko\u015bci koniecznej do wykonania tych zada\u0144. Gmina mo\u017ce wykonywa\u0107 swoje zadania dzi\u0119ki ustawowo zagwarantowanemu prawu pozyskiwania dochod\u00f3w w\u0142asnych, a tak\u017ce korzystania ze \u015brodk\u00f3w bud\u017cetu pa\u0144stwa\u00a0w formie subwencji oraz dotacji. Gmina wykonuje swoje zadania poprzez Urz\u0105d Gminy, a tak\u017ce Gminne Jednostki Organizacyjne. Na realizacj\u0119 swoich zada\u0144 gmina ma zagwarantowane prawo pozyskiwania dochod\u00f3w w\u0142asnych lub subwencji i dotacji z bud\u017cetu pa\u0144stwa. Dochody w\u0142asne gminy stanowi\u0105 wp\u0142ywy z podatk\u00f3w i op\u0142at lokalnych, udzia\u0142y w podatkach stanowi\u0105cych doch\u00f3d bud\u017cetu pa\u0144stwa ze sprzeda\u017cy i dzier\u017cawy maj\u0105tku gminy, odsetki z lokat bankowych i nieterminowych wp\u0142at, spadki, zapisy i darowizny. Gospodarka finansowa gminy opiera si\u0119 o bud\u017cet gminy stanowi\u0105cy roczny plan finansowy jej dochod\u00f3w i wydatk\u00f3w, przychod\u00f3w i rozchod\u00f3w. Prognozowane dochody i przychody gminy musz\u0105 by\u0107 r\u00f3wne jej wydatkom i rozchodom, jest to tzw. bud\u017cet zr\u00f3wnowa\u017cony. Przygotowanie projektu bud\u017cetu nale\u017cy do wy\u0142\u0105cznej kompetencji W\u00f3jta, za\u015b jego zatwierdzenie do wy\u0142\u0105cznej kompetencji Rady Gminy.\u00a0<\/p>\n","protected":false},"excerpt":{"rendered":"<p>Gmina i jej zadania Samorz\u0105d terytorialny oznacza prawo i zdolno\u015b\u0107 spo\u0142eczno\u015bci lokalnych do kierowania i zarz\u0105dzania cz\u0119\u015bci\u0105 spraw publicznych na ich w\u0142asn\u0105 odpowiedzialno\u015b\u0107 i w interesie ich mieszka\u0144c\u00f3w w granicach okre\u015blonych prawem. Podstawow\u0105 jednostk\u0105 samorz\u0105du terytorialnego jest gmina \u2013 czyli wsp\u00f3lnota samorz\u0105dowa (og\u00f3\u0142 mieszka\u0144c\u00f3w gminy) oraz odpowiednie terytorium. Samorz\u0105dno\u015b\u0107 gminy polega na mo\u017cliwo\u015bci wsp\u00f3\u0142decydowania przez [&hellip;]<\/p>\n","protected":false},"author":2,"featured_media":0,"parent":0,"menu_order":0,"comment_status":"closed","ping_status":"closed","template":"","meta":{"footnotes":""},"class_list":["post-2323","page","type-page","status-publish","hentry"],"featured_image_urls_v2":{"full":"","thumbnail":"","medium":"","medium_large":"","large":"","1536x1536":"","2048x2048":""},"post_excerpt_stackable_v2":"<p>Gmina i jej zadania Samorz\u0105d terytorialny oznacza prawo i zdolno\u015b\u0107 spo\u0142eczno\u015bci lokalnych do kierowania i zarz\u0105dzania cz\u0119\u015bci\u0105 spraw publicznych na ich w\u0142asn\u0105 odpowiedzialno\u015b\u0107 i w interesie ich mieszka\u0144c\u00f3w w granicach okre\u015blonych prawem. Podstawow\u0105 jednostk\u0105 samorz\u0105du terytorialnego jest gmina \u2013 czyli wsp\u00f3lnota samorz\u0105dowa (og\u00f3\u0142 mieszka\u0144c\u00f3w gminy) oraz odpowiednie terytorium. Samorz\u0105dno\u015b\u0107 gminy polega na mo\u017cliwo\u015bci wsp\u00f3\u0142decydowania przez jej mieszka\u0144c\u00f3w w sprawach gminy bezpo\u015brednio przez g\u0142osowanie w referendum lub po\u015brednio poprzez wybranych przedstawicieli, czyli radnych. Do zakresu dzia\u0142ania gminy nale\u017c\u0105 wszystkie sprawy publiczne o znaczeniu lokalnym, niezastrze\u017cone ustawami na rzecz innych podmiot\u00f3w (takich jak: samorz\u0105d powiatowy, wojew\u00f3dzki czy administracja pa\u0144stwowa). Zadania publiczne wykonywane&hellip;<\/p>\n","category_list_v2":"","author_info_v2":{"name":"Zofia Kalawska","url":"https:\/\/gminadynow.pl\/index.php\/author\/zofiakalawska\/"},"comments_num_v2":"0 comments","rttpg_featured_image_url":null,"rttpg_author":{"display_name":"Zofia Kalawska","author_link":"https:\/\/gminadynow.pl\/index.php\/author\/zofiakalawska\/"},"rttpg_comment":0,"rttpg_category":null,"rttpg_excerpt":"Gmina i jej zadania Samorz\u0105d terytorialny oznacza prawo i zdolno\u015b\u0107 spo\u0142eczno\u015bci lokalnych do kierowania i zarz\u0105dzania cz\u0119\u015bci\u0105 spraw publicznych na ich w\u0142asn\u0105 odpowiedzialno\u015b\u0107 i w interesie ich mieszka\u0144c\u00f3w w granicach okre\u015blonych prawem. Podstawow\u0105 jednostk\u0105 samorz\u0105du terytorialnego jest gmina \u2013 czyli wsp\u00f3lnota samorz\u0105dowa (og\u00f3\u0142 mieszka\u0144c\u00f3w gminy) oraz odpowiednie terytorium. Samorz\u0105dno\u015b\u0107 gminy polega na mo\u017cliwo\u015bci wsp\u00f3\u0142decydowania przez&hellip;","_links":{"self":[{"href":"https:\/\/gminadynow.pl\/index.php\/wp-json\/wp\/v2\/pages\/2323","targetHints":{"allow":["GET"]}}],"collection":[{"href":"https:\/\/gminadynow.pl\/index.php\/wp-json\/wp\/v2\/pages"}],"about":[{"href":"https:\/\/gminadynow.pl\/index.php\/wp-json\/wp\/v2\/types\/page"}],"author":[{"embeddable":true,"href":"https:\/\/gminadynow.pl\/index.php\/wp-json\/wp\/v2\/users\/2"}],"replies":[{"embeddable":true,"href":"https:\/\/gminadynow.pl\/index.php\/wp-json\/wp\/v2\/comments?post=2323"}],"version-history":[{"count":2,"href":"https:\/\/gminadynow.pl\/index.php\/wp-json\/wp\/v2\/pages\/2323\/revisions"}],"predecessor-version":[{"id":2328,"href":"https:\/\/gminadynow.pl\/index.php\/wp-json\/wp\/v2\/pages\/2323\/revisions\/2328"}],"wp:attachment":[{"href":"https:\/\/gminadynow.pl\/index.php\/wp-json\/wp\/v2\/media?parent=2323"}],"curies":[{"name":"wp","href":"https:\/\/api.w.org\/{rel}","templated":true}]}}