
{"id":1974,"date":"2021-06-01T10:43:54","date_gmt":"2021-06-01T08:43:54","guid":{"rendered":"http:\/\/gminadynow.pl\/?page_id=1974"},"modified":"2026-02-24T11:50:42","modified_gmt":"2026-02-24T10:50:42","slug":"raport-o-stanie-gminy","status":"publish","type":"page","link":"https:\/\/gminadynow.pl\/index.php\/raport-o-stanie-gminy\/","title":{"rendered":"Raport o stanie gminy"},"content":{"rendered":"\n<p class=\"has-text-align-center\" style=\"font-size:30px\"><strong>Raport o stanie gminy<\/strong><\/p>\n\n\n\n<p><strong><em>Ustawa z dnia 8 marca 1990 r. o samorz\u0105dzie gminnym &#8211; Art. 28aa.( Dz.U.2020 poz. 713 z p\u00f3\u017c.zm.)<\/em><\/strong><\/p>\n\n\n\n<ol class=\"wp-block-list\">\n<li>W\u00f3jt co roku do dnia 31 maja przedstawia radzie gminy raport o stanie gminy.<\/li>\n\n\n\n<li>Raport obejmuje podsumowanie dzia\u0142alno\u015bci w\u00f3jta w roku poprzednim, w szczeg\u00f3lno\u015bci realizacj\u0119 polityk, program\u00f3w i strategii, uchwa\u0142 rady gminy i bud\u017cetu obywatelskiego.<\/li>\n\n\n\n<li>Rada gminy mo\u017ce okre\u015bli\u0107 w drodze uchwa\u0142y szczeg\u00f3\u0142owe wymogi dotycz\u0105ce raportu.<\/li>\n\n\n\n<li>Rada gminy rozpatruje raport, o kt\u00f3rym mowa w ust. 1, podczas sesji, na kt\u00f3rej podejmowana jest uchwa\u0142a rady gminy w sprawie udzielenia lub nieudzielenia absolutorium w\u00f3jtowi. Raport rozpatrywany jest w pierwszej kolejno\u015bci. Nad przedstawionym raportem o stanie gminy przeprowadza si\u0119 debat\u0119.<\/li>\n\n\n\n<li>W debacie nad raportem o stanie gminy radni zabieraj\u0105 g\u0142os bez ogranicze\u0144 czasowych.<\/li>\n\n\n\n<li>W debacie nad raportem o stanie gminy mieszka\u0144cy gminy mog\u0105 zabiera\u0107 g\u0142os.<\/li>\n\n\n\n<li>Mieszkaniec, kt\u00f3ry chcia\u0142by zabra\u0107 g\u0142os w trybie okre\u015blonym w ust. 6, sk\u0142ada do przewodnicz\u0105cego rady pisemne zg\u0142oszenie, poparte podpisami:<br>1) w gminie do 20 000 mieszka\u0144c\u00f3w \u2013 co najmniej 20 os\u00f3b;<br>2) w gminie powy\u017cej 20 000 mieszka\u0144c\u00f3w \u2013 co najmniej 50 os\u00f3b.<\/li>\n<\/ol>\n\n\n\n<ol start=\"8\" class=\"wp-block-list\">\n<li>Zg\u0142oszenie sk\u0142ada si\u0119 najp\u00f3\u017aniej w dniu poprzedzaj\u0105cym dzie\u0144, na kt\u00f3ry zwo\u0142ana zosta\u0142a sesja, podczas kt\u00f3rej ma by\u0107 przedstawiany raport o stanie gminy. Mieszka\u0144cy s\u0105 dopuszczani do g\u0142osu wed\u0142ug kolejno\u015bci otrzymania przez przewodnicz\u0105cego rady zg\u0142oszenia. Liczba mieszka\u0144c\u00f3w mog\u0105cych zabra\u0107 g\u0142os w debacie wynosi 15, chyba \u017ce rada postanowi o zwi\u0119kszeniu tej liczby.<\/li>\n\n\n\n<li>Po zako\u0144czeniu debaty nad raportem o stanie gminy rada gminy przeprowadza g\u0142osowanie nad udzieleniem w\u00f3jtowi wotum zaufania. Uchwa\u0142\u0119 o udzieleniu w\u00f3jtowi wotum zaufania rada gminy podejmuje bezwzgl\u0119dn\u0105 wi\u0119kszo\u015bci\u0105 g\u0142os\u00f3w ustawowego sk\u0142adu rady gminy. Niepodj\u0119cie uchwa\u0142y o udzieleniu w\u00f3jtowi wotum zaufania jest r\u00f3wnoznaczne z podj\u0119ciem uchwa\u0142y o nieudzieleniu w\u00f3jtowi wotum zaufania.<\/li>\n\n\n\n<li>W przypadku nieudzielenia w\u00f3jtowi wotum zaufania w dw\u00f3ch kolejnych latach rada gminy mo\u017ce podj\u0105\u0107 uchwa\u0142\u0119 o przeprowadzeniu referendum w sprawie odwo\u0142ania w\u00f3jta. Przepisy art. 28a uchwa\u0142a w sprawie absolutorium dla w\u00f3jta ust. 3 i 5 stosuje si\u0119 odpowiednio.<\/li>\n<\/ol>\n\n\n\n<p><\/p>\n\n\n\n<div class=\"wp-block-group do-pobrania\"><div class=\"wp-block-group__inner-container is-layout-flow wp-block-group-is-layout-flow\">\n<div class=\"wp-block-file\"><a id=\"wp-block-file--media-d2b2c7a7-a33c-42e4-9cd7-16dc003e1f82\" href=\"https:\/\/gminadynow.pl\/wp-content\/uploads\/2025\/06\/Raport-o-stanie-Gminy-31.05.2025.pdf\">Raport o stanie Gminy Dynow za rok 2024<\/a><a href=\"https:\/\/gminadynow.pl\/wp-content\/uploads\/2025\/06\/Raport-o-stanie-Gminy-31.05.2025.pdf\" class=\"wp-block-file__button wp-element-button\" download aria-describedby=\"wp-block-file--media-d2b2c7a7-a33c-42e4-9cd7-16dc003e1f82\">Pobierz<\/a><\/div>\n\n\n\n<div class=\"wp-block-file\"><a id=\"wp-block-file--media-d71a1f2e-55a9-4000-a275-c37880d2e008\" href=\"https:\/\/gminadynow.pl\/wp-content\/uploads\/2025\/06\/Informacja-Debata-nad-raportem-2024.pdf\">zg\u0142oszenie &#8211; Debata 2024<\/a><a href=\"https:\/\/gminadynow.pl\/wp-content\/uploads\/2025\/06\/Informacja-Debata-nad-raportem-2024.pdf\" class=\"wp-block-file__button wp-element-button\" download aria-describedby=\"wp-block-file--media-d71a1f2e-55a9-4000-a275-c37880d2e008\">Pobierz<\/a><\/div>\n\n\n\n<hr class=\"wp-block-separator has-text-color has-css-opacity has-background is-style-wide\" style=\"background-color:#2434b3;color:#2434b3\"\/>\n\n\n\n<div class=\"wp-block-file\"><a href=\"https:\/\/gminadynow.pl\/wp-content\/uploads\/2024\/06\/Raport-o-stanie-Gminy-Dynow-za-rok-2023.pdf\">Raport o stanie Gminy Dynow za rok 2023<\/a><a href=\"https:\/\/gminadynow.pl\/wp-content\/uploads\/2024\/06\/Raport-o-stanie-Gminy-Dynow-za-rok-2023.pdf\" class=\"wp-block-file__button wp-element-button\" download>Pobierz<\/a><\/div>\n\n\n\n<div class=\"wp-block-file\"><a href=\"https:\/\/gminadynow.pl\/wp-content\/uploads\/2024\/06\/zgloszenie-\u2013-debata-2023.pdf\">zg\u0142oszenie &#8211; debata 2023<\/a><a href=\"https:\/\/gminadynow.pl\/wp-content\/uploads\/2024\/06\/zgloszenie-\u2013-debata-2023.pdf\" class=\"wp-block-file__button wp-element-button\" download>Pobierz<\/a><\/div>\n\n\n\n<hr class=\"wp-block-separator has-text-color has-css-opacity has-background is-style-wide\" style=\"background-color:#2434b3;color:#2434b3\"\/>\n\n\n\n<div class=\"wp-block-file\"><a href=\"http:\/\/gminadynow.pl\/wp-content\/uploads\/2023\/08\/RAPORT-2022-GMINA-DYNOW.pdf\">Raport o stanie Gminy Dynow za rok 2022<\/a><a href=\"http:\/\/gminadynow.pl\/wp-content\/uploads\/2023\/08\/RAPORT-2022-GMINA-DYNOW.pdf\" class=\"wp-block-file__button wp-element-button\" download>Pobierz<\/a><\/div>\n\n\n\n<div class=\"wp-block-file\"><a href=\"http:\/\/gminadynow.pl\/wp-content\/uploads\/2023\/08\/zgloszenie_-_debata2022.pdf\">zg\u0142oszenie &#8211; debata 2022<\/a><a href=\"http:\/\/gminadynow.pl\/wp-content\/uploads\/2023\/08\/zgloszenie_-_debata2022.pdf\" class=\"wp-block-file__button wp-element-button\" download>Pobierz<\/a><\/div>\n\n\n\n<hr class=\"wp-block-separator has-text-color has-css-opacity has-background is-style-wide\" style=\"background-color:#2434b3;color:#2434b3\"\/>\n\n\n\n<div class=\"wp-block-file\"><a href=\"https:\/\/gminadynow.pl\/wp-content\/uploads\/2022\/06\/raport-o-stanie-gminy-2021.pdf\">Raport o stanie Gminy Dynow za rok 2021<\/a><a href=\"https:\/\/gminadynow.pl\/wp-content\/uploads\/2022\/06\/raport-o-stanie-gminy-2021.pdf\" class=\"wp-block-file__button wp-element-button\" download>Pobierz<\/a><\/div>\n\n\n\n<div class=\"wp-block-file\"><a href=\"https:\/\/gminadynow.pl\/wp-content\/uploads\/2022\/06\/zgloszenie-debata-2021.pdf\">zg\u0142oszenie &#8211; debata 2021<\/a><a href=\"https:\/\/gminadynow.pl\/wp-content\/uploads\/2022\/06\/zgloszenie-debata-2021.pdf\" class=\"wp-block-file__button wp-element-button\" download>Pobierz<\/a><\/div>\n\n\n\n<hr class=\"wp-block-separator has-text-color has-css-opacity has-background is-style-wide\" style=\"background-color:#2434b3;color:#2434b3\"\/>\n\n\n\n<div class=\"wp-block-file\"><a href=\"https:\/\/gminadynow.pl\/wp-content\/uploads\/2021\/06\/Raport-o-stanie-Gminy-Dynow-za-rok-2020.pdf\">Raport o stanie Gminy Dynow za rok 2020<\/a><a href=\"https:\/\/gminadynow.pl\/wp-content\/uploads\/2021\/06\/Raport-o-stanie-Gminy-Dynow-za-rok-2020.pdf\" class=\"wp-block-file__button wp-element-button\" download>Pobierz<\/a><\/div>\n\n\n\n<div class=\"wp-block-file\"><a href=\"https:\/\/gminadynow.pl\/wp-content\/uploads\/2021\/07\/zgloszenie_-_debata.docx\">zg\u0142oszenie &#8211; debata 2020<\/a><a href=\"https:\/\/gminadynow.pl\/wp-content\/uploads\/2021\/07\/zgloszenie_-_debata.docx\" class=\"wp-block-file__button wp-element-button\" download>Pobierz<\/a><\/div>\n<\/div><\/div>\n\n\n\n<p><\/p>\n","protected":false},"excerpt":{"rendered":"<p>Raport o stanie gminy Ustawa z dnia 8 marca 1990 r. o samorz\u0105dzie gminnym &#8211; Art. 28aa.( Dz.U.2020 poz. 713 z p\u00f3\u017c.zm.)<\/p>\n","protected":false},"author":2,"featured_media":0,"parent":0,"menu_order":0,"comment_status":"closed","ping_status":"closed","template":"","meta":{"footnotes":""},"class_list":["post-1974","page","type-page","status-publish","hentry"],"featured_image_urls_v2":{"full":"","thumbnail":"","medium":"","medium_large":"","large":"","1536x1536":"","2048x2048":""},"post_excerpt_stackable_v2":"<p>Raport o stanie gminy Ustawa z dnia 8 marca 1990 r. o samorz\u0105dzie gminnym &#8211; Art. 28aa.( Dz.U.2020 poz. 713 z p\u00f3\u017c.zm.) W\u00f3jt co roku do dnia 31 maja przedstawia radzie gminy raport o stanie gminy. Raport obejmuje podsumowanie dzia\u0142alno\u015bci w\u00f3jta w roku poprzednim, w szczeg\u00f3lno\u015bci realizacj\u0119 polityk, program\u00f3w i strategii, uchwa\u0142 rady gminy i bud\u017cetu obywatelskiego. Rada gminy mo\u017ce okre\u015bli\u0107 w drodze uchwa\u0142y szczeg\u00f3\u0142owe wymogi dotycz\u0105ce raportu. Rada gminy rozpatruje raport, o kt\u00f3rym mowa w ust. 1, podczas sesji, na kt\u00f3rej podejmowana jest uchwa\u0142a rady gminy w sprawie udzielenia lub nieudzielenia absolutorium w\u00f3jtowi. Raport rozpatrywany jest w pierwszej kolejno\u015bci.&hellip;<\/p>\n","category_list_v2":"","author_info_v2":{"name":"Zofia Kalawska","url":"https:\/\/gminadynow.pl\/index.php\/author\/zofiakalawska\/"},"comments_num_v2":"0 comments","rttpg_featured_image_url":null,"rttpg_author":{"display_name":"Zofia Kalawska","author_link":"https:\/\/gminadynow.pl\/index.php\/author\/zofiakalawska\/"},"rttpg_comment":0,"rttpg_category":null,"rttpg_excerpt":"Raport o stanie gminy Ustawa z dnia 8 marca 1990 r. o samorz\u0105dzie gminnym &#8211; Art. 28aa.( Dz.U.2020 poz. 713 z p\u00f3\u017c.zm.)","_links":{"self":[{"href":"https:\/\/gminadynow.pl\/index.php\/wp-json\/wp\/v2\/pages\/1974","targetHints":{"allow":["GET"]}}],"collection":[{"href":"https:\/\/gminadynow.pl\/index.php\/wp-json\/wp\/v2\/pages"}],"about":[{"href":"https:\/\/gminadynow.pl\/index.php\/wp-json\/wp\/v2\/types\/page"}],"author":[{"embeddable":true,"href":"https:\/\/gminadynow.pl\/index.php\/wp-json\/wp\/v2\/users\/2"}],"replies":[{"embeddable":true,"href":"https:\/\/gminadynow.pl\/index.php\/wp-json\/wp\/v2\/comments?post=1974"}],"version-history":[{"count":19,"href":"https:\/\/gminadynow.pl\/index.php\/wp-json\/wp\/v2\/pages\/1974\/revisions"}],"predecessor-version":[{"id":7146,"href":"https:\/\/gminadynow.pl\/index.php\/wp-json\/wp\/v2\/pages\/1974\/revisions\/7146"}],"wp:attachment":[{"href":"https:\/\/gminadynow.pl\/index.php\/wp-json\/wp\/v2\/media?parent=1974"}],"curies":[{"name":"wp","href":"https:\/\/api.w.org\/{rel}","templated":true}]}}